[Tue Aug 20 05:05:28.908545 2024] [authz_core:error] [pid 54344:tid 54344] [client 135.148.100.196:33614] AH01630: client denied by server configuration: /home/vivehg/public_html/php.ini
[Tue Aug 20 05:05:29.080708 2024] [authz_core:error] [pid 54342:tid 54342] [client 66.249.70.141:41366] AH01630: client denied by server configuration: /home/vivehg/public_html/php.ini
[Tue Aug 20 05:05:29.365686 2024] [proxy_fcgi:error] [pid 54451:tid 54451] [client 69.171.249.1:56924] AH01071: Got error 'Primary script unknown'
[Tue Aug 20 05:05:29.521326 2024] [proxy_fcgi:error] [pid 54342:tid 54342] [client 66.249.70.141:41366] AH01071: Got error 'Primary script unknown'
[Tue Aug 20 05:05:29.960465 2024] [proxy_fcgi:error] [pid 54344:tid 54344] [client 3.224.220.101:53582] AH01071: Got error 'Primary script unknown'
[Tue Aug 20 05:05:29.993648 2024] [authz_core:error] [pid 54345:tid 54345] [client 66.249.70.140:51421] AH01630: client denied by server configuration: /home/vivehg/public_html/php.ini
[Tue Aug 20 05:05:30.088879 2024] [proxy_fcgi:error] [pid 54546:tid 54546] [client 172.68.244.187:16972] AH01071: Got error 'Primary script unknown'
[Tue Aug 20 05:05:30.466662 2024] [proxy_fcgi:error] [pid 54342:tid 54342] [client 66.249.70.141:41366] AH01071: Got error 'Primary script unknown'
[Tue Aug 20 05:05:32.118021 2024] [proxy_fcgi:error] [pid 54343:tid 54343] [client 69.171.230.113:46690] AH01071: Got error 'Primary script unknown'
[Tue Aug 20 05:05:32.733915 2024] [proxy_fcgi:error] [pid 54451:tid 54451] [client 136.243.220.212:23831] AH01071: Got error 'Primary script unknown'
[Tue Aug 20 05:05:33.881639 2024] [proxy_fcgi:error] [pid 54344:tid 54344] [client 52.70.240.171:63894] AH01071: Got error 'Primary script unknown'
[Tue Aug 20 05:05:34.369752 2024] [proxy_fcgi:error] [pid 54547:tid 54547] [client 69.171.249.115:60526] AH01071: Got error 'Primary script unknown'
[Tue Aug 20 05:05:35.942556 2024] [proxy_fcgi:error] [pid 54548:tid 54548] [client 173.252.83.43:44836] AH01071: Got error 'Primary script unknown'
[Tue Aug 20 05:05:36.308443 2024] [proxy_fcgi:error] [pid 54343:tid 54343] [client 136.243.220.212:52423] AH01071: Got error 'Primary script unknown'
[Tue Aug 20 05:05:37.825496 2024] [proxy_fcgi:error] [pid 54451:tid 54451] [client 52.70.240.171:13956] AH01071: Got error 'Primary script unknown'
[Tue Aug 20 05:05:38.151661 2024] [proxy_fcgi:error] [pid 54416:tid 54416] [client 162.158.78.95:53150] AH01071: Got error 'Primary script unknown'
[Tue Aug 20 05:05:38.800318 2024] [proxy_fcgi:error] [pid 54341:tid 54341] [client 173.252.83.31:44032] AH01071: Got error 'Primary script unknown'
[Tue Aug 20 05:05:40.499815 2024] [proxy_fcgi:error] [pid 54344:tid 54344] [client 173.252.107.113:62182] AH01071: Got error 'Primary script unknown'
[Tue Aug 20 05:05:41.352008 2024] [proxy_fcgi:error] [pid 54547:tid 54547] [client 162.158.79.189:16202] AH01071: Got error 'Primary script unknown'
[Tue Aug 20 05:05:41.947936 2024] [proxy_fcgi:error] [pid 54342:tid 54342] [client 136.243.220.212:26438] AH01071: Got error 'Primary script unknown'
[Tue Aug 20 05:05:41.985925 2024] [proxy_fcgi:error] [pid 54345:tid 54345] [client 23.22.35.162:25387] AH01071: Got error 'Primary script unknown'
[Tue Aug 20 05:05:43.187217 2024] [proxy_fcgi:error] [pid 54546:tid 54546] [client 57.141.0.3:42672] AH01071: Got error 'Primary script unknown'
[Tue Aug 20 05:05:43.663821 2024] [proxy_fcgi:error] [pid 54548:tid 54548] [client 136.243.220.212:47092] AH01071: Got error 'Primary script unknown'
[Tue Aug 20 05:05:44.683354 2024] [proxy_fcgi:error] [pid 54343:tid 54343] [client 173.252.107.113:62104] AH01071: Got error 'Primary script unknown'
[Tue Aug 20 05:05:46.015077 2024] [proxy_fcgi:error] [pid 54451:tid 54451] [client 172.70.34.191:21690] AH01071: Got error 'Primary script unknown'
[Tue Aug 20 05:05:46.200840 2024] [proxy_fcgi:error] [pid 54341:tid 54341] [client 172.68.15.182:43450] AH01071: Got error 'Primary script unknown'
[Tue Aug 20 05:05:47.390051 2024] [proxy_fcgi:error] [pid 54344:tid 54344] [client 69.171.249.12:55436] AH01071: Got error 'Primary script unknown'
[Tue Aug 20 05:05:49.135485 2024] [proxy_fcgi:error] [pid 54345:tid 54345] [client 57.141.0.20:33810] AH01071: Got error 'Primary script unknown'
[Tue Aug 20 05:05:49.483739 2024] [proxy_fcgi:error] [pid 54342:tid 54342] [client 179.6.45.230:46459] AH01071: Got error 'Primary script unknown', referer: https://vivehg.com/
[Tue Aug 20 05:05:49.485056 2024] [proxy_fcgi:error] [pid 54416:tid 54416] [client 179.6.45.230:46460] AH01071: Got error 'Primary script unknown', referer: https://vivehg.com/
[Tue Aug 20 05:05:49.485441 2024] [proxy_fcgi:error] [pid 54546:tid 54546] [client 179.6.45.230:46461] AH01071: Got error 'Primary script unknown', referer: https://vivehg.com/
[Tue Aug 20 05:05:49.642947 2024] [proxy_fcgi:error] [pid 54548:tid 54548] [client 162.158.78.111:15030] AH01071: Got error 'Primary script unknown'
[Tue Aug 20 05:05:49.801602 2024] [proxy_fcgi:error] [pid 54343:tid 54343] [client 136.243.220.212:58142] AH01071: Got error 'Primary script unknown'
[Tue Aug 20 05:05:49.826332 2024] [proxy_fcgi:error] [pid 54546:tid 54546] [client 179.6.45.230:46461] AH01071: Got error 'Primary script unknown', referer: https://vivehg.com/
[Tue Aug 20 05:05:49.827895 2024] [proxy_fcgi:error] [pid 54416:tid 54416] [client 179.6.45.230:46460] AH01071: Got error 'Primary script unknown', referer: https://vivehg.com/
[Tue Aug 20 05:05:50.010054 2024] [proxy_fcgi:error] [pid 54547:tid 54547] [client 3.224.220.101:27921] AH01071: Got error 'Primary script unknown'
[Tue Aug 20 05:05:50.187773 2024] [proxy_fcgi:error] [pid 54416:tid 54416] [client 179.6.45.230:46460] AH01071: Got error 'Primary script unknown', referer: https://vivehg.com/
[Tue Aug 20 05:05:52.252389 2024] [proxy_fcgi:error] [pid 54344:tid 54344] [client 136.243.220.212:11351] AH01071: Got error 'Primary script unknown'
[Tue Aug 20 05:05:52.315215 2024] [proxy_fcgi:error] [pid 54345:tid 54345] [client 66.220.149.39:50626] AH01071: Got error 'Primary script unknown'
[Tue Aug 20 05:05:53.727846 2024] [proxy_fcgi:error] [pid 54343:tid 54343] [client 57.141.0.3:33262] AH01071: Got error 'Primary script unknown'
[Tue Aug 20 05:05:54.215698 2024] [proxy_fcgi:error] [pid 54547:tid 54547] [client 23.22.35.162:26766] AH01071: Got error 'Primary script unknown'
[Tue Aug 20 05:05:55.689720 2024] [proxy_fcgi:error] [pid 54557:tid 54557] [client 69.171.249.113:49116] AH01071: Got error 'Primary script unknown'
[Tue Aug 20 05:06:09.499574 2024] [mpm_prefork:notice] [pid 1157:tid 1157] AH00171: Graceful restart requested, doing restart
[Tue Aug 20 05:06:09.592489 2024] [:notice] [pid 1157:tid 1157] mod_ruid2/0.9.8 enabled
[Tue Aug 20 05:06:09.592855 2024] [mpm_prefork:notice] [pid 1157:tid 1157] AH00163: Apache/2.4.62 (cPanel) OpenSSL/1.1.1f mod_bwlimited/1.4 configured -- resuming normal operations
[Tue Aug 20 05:06:09.592875 2024] [core:notice] [pid 1157:tid 1157] AH00094: Command line: '/usr/sbin/httpd'
[Tue Aug 20 05:21:05.183767 2024] [mpm_prefork:notice] [pid 1157:tid 1157] AH00171: Graceful restart requested, doing restart
[Tue Aug 20 05:21:05.263421 2024] [:notice] [pid 1157:tid 1157] mod_ruid2/0.9.8 enabled
[Tue Aug 20 05:21:05.263808 2024] [mpm_prefork:notice] [pid 1157:tid 1157] AH00163: Apache/2.4.62 (cPanel) OpenSSL/1.1.1f mod_bwlimited/1.4 configured -- resuming normal operations
[Tue Aug 20 05:21:05.263828 2024] [core:notice] [pid 1157:tid 1157] AH00094: Command line: '/usr/sbin/httpd'
[Tue Aug 20 05:21:06.457396 2024] [log_config:warn] [pid 56146:tid 56146] (32)Broken pipe: [client 103.38.72.124:40642] AH00646: Error writing to |/usr/local/cpanel/bin/splitlogs --dir=/etc/apache2/logs/domlogs --main=52-72-122-155.cprapid.com --suffix=-bytes_log
[Tue Aug 20 05:21:06.457446 2024] [log_config:warn] [pid 56146:tid 56146] (32)Broken pipe: [client 103.38.72.124:40642] AH00646: Error writing to |/usr/local/cpanel/bin/splitlogs --dir=/etc/apache2/logs/domlogs --main=52-72-122-155.cprapid.com --mainout=/etc/apache2/logs/access_log
[Tue Aug 20 05:21:17.797120 2024] [mpm_prefork:notice] [pid 1157:tid 1157] AH00171: Graceful restart requested, doing restart
[Tue Aug 20 05:21:17.869172 2024] [:notice] [pid 1157:tid 1157] mod_ruid2/0.9.8 enabled
[Tue Aug 20 05:21:17.869480 2024] [mpm_prefork:notice] [pid 1157:tid 1157] AH00163: Apache/2.4.62 (cPanel) OpenSSL/1.1.1f mod_bwlimited/1.4 configured -- resuming normal operations
[Tue Aug 20 05:21:17.869495 2024] [core:notice] [pid 1157:tid 1157] AH00094: Command line: '/usr/sbin/httpd'
[Tue Aug 20 05:22:30.684197 2024] [proxy_fcgi:error] [pid 57627:tid 57627] [client 69.171.230.5:46180] AH01071: Got error 'Unable to open primary script: /home/vivehg/public_html/index.php (No such file or directory)'
[Tue Aug 20 05:22:31.466959 2024] [mpm_prefork:notice] [pid 1157:tid 1157] AH00171: Graceful restart requested, doing restart
[Tue Aug 20 05:22:31.555726 2024] [:notice] [pid 1157:tid 1157] mod_ruid2/0.9.8 enabled
[Tue Aug 20 05:22:31.556073 2024] [mpm_prefork:notice] [pid 1157:tid 1157] AH00163: Apache/2.4.62 (cPanel) OpenSSL/1.1.1f mod_bwlimited/1.4 configured -- resuming normal operations
[Tue Aug 20 05:22:31.556091 2024] [core:notice] [pid 1157:tid 1157] AH00094: Command line: '/usr/sbin/httpd'
[Tue Aug 20 05:22:33.218642 2024] [proxy_fcgi:error] [pid 58372:tid 58372] [client 66.220.149.20:41410] AH01071: Got error 'Primary script unknown'
[Tue Aug 20 05:22:33.486559 2024] [proxy_fcgi:error] [pid 58371:tid 58371] [client 136.243.220.212:18707] AH01071: Got error 'Primary script unknown'
[Tue Aug 20 05:22:34.213270 2024] [proxy_fcgi:error] [pid 58374:tid 58374] [client 3.224.220.101:65036] AH01071: Got error 'Primary script unknown'
[Tue Aug 20 05:22:35.771582 2024] [proxy_fcgi:error] [pid 58373:tid 58373] [client 37.48.73.56:39378] AH01071: Got error 'Primary script unknown'
[Tue Aug 20 05:22:35.975279 2024] [proxy_fcgi:error] [pid 58372:tid 58372] [client 69.171.230.3:37158] AH01071: Got error 'Primary script unknown'
[Tue Aug 20 05:22:38.013707 2024] [proxy_fcgi:error] [pid 58371:tid 58371] [client 23.22.35.162:19022] AH01071: Got error 'Primary script unknown'
[Tue Aug 20 05:22:38.143287 2024] [proxy_fcgi:error] [pid 58374:tid 58374] [client 173.252.83.1:51208] AH01071: Got error 'Primary script unknown'
[Tue Aug 20 05:22:38.233419 2024] [proxy_fcgi:error] [pid 58476:tid 58476] [client 85.208.96.212:56862] AH01071: Got error 'Primary script unknown'
[Tue Aug 20 05:22:40.873524 2024] [proxy_fcgi:error] [pid 58372:tid 58372] [client 136.243.220.212:11838] AH01071: Got error 'Primary script unknown'
[Tue Aug 20 05:22:42.051393 2024] [proxy_fcgi:error] [pid 58371:tid 58371] [client 52.70.240.171:12541] AH01071: Got error 'Primary script unknown'
[Tue Aug 20 05:22:42.199829 2024] [proxy_fcgi:error] [pid 58370:tid 58370] [client 198.100.155.150:55336] AH01071: Got error 'Primary script unknown'
[Tue Aug 20 05:22:43.283940 2024] [proxy_fcgi:error] [pid 58374:tid 58374] [client 69.171.230.13:45802] AH01071: Got error 'Primary script unknown'
[Tue Aug 20 05:22:43.447229 2024] [proxy_fcgi:error] [pid 58476:tid 58476] [client 85.208.96.201:60538] AH01071: Got error 'Primary script unknown'
[Tue Aug 20 05:22:43.984079 2024] [proxy_fcgi:error] [pid 58372:tid 58372] [client 136.243.220.212:4014] AH01071: Got error 'Primary script unknown'
[Tue Aug 20 05:22:45.192827 2024] [proxy_fcgi:error] [pid 58371:tid 58371] [client 173.252.83.30:55112] AH01071: Got error 'Primary script unknown'
[Tue Aug 20 05:22:45.636919 2024] [proxy_fcgi:error] [pid 58424:tid 58424] [client 66.249.70.141:52559] AH01071: Got error 'Primary script unknown'
[Tue Aug 20 05:22:45.844701 2024] [proxy_fcgi:error] [pid 58374:tid 58374] [client 23.22.35.162:24340] AH01071: Got error 'Primary script unknown'
[Tue Aug 20 05:22:46.118709 2024] [authz_core:error] [pid 58476:tid 58476] [client 66.249.70.142:59107] AH01630: client denied by server configuration: /home/vivehg/public_html/php.ini
[Tue Aug 20 05:22:49.268848 2024] [proxy_fcgi:error] [pid 58371:tid 58371] [client 185.191.171.15:58734] AH01071: Got error 'Primary script unknown'
[Tue Aug 20 05:22:49.838115 2024] [proxy_fcgi:error] [pid 58374:tid 58374] [client 69.171.249.2:50486] AH01071: Got error 'Primary script unknown'
[Tue Aug 20 05:22:50.149265 2024] [proxy_fcgi:error] [pid 58507:tid 58507] [client 23.22.35.162:54534] AH01071: Got error 'Primary script unknown'
[Tue Aug 20 05:22:50.373173 2024] [proxy_fcgi:error] [pid 58373:tid 58373] [client 85.208.96.210:26502] AH01071: Got error 'Primary script unknown'
[Tue Aug 20 05:22:50.526105 2024] [proxy_fcgi:error] [pid 58370:tid 58370] [client 136.243.220.212:44012] AH01071: Got error 'Primary script unknown'
[Tue Aug 20 05:22:52.330824 2024] [proxy_fcgi:error] [pid 58371:tid 58371] [client 51.222.29.118:38278] AH01071: Got error 'Primary script unknown'
[Tue Aug 20 05:22:52.485547 2024] [proxy_fcgi:error] [pid 58424:tid 58424] [client 66.220.149.13:42344] AH01071: Got error 'Primary script unknown'
[Tue Aug 20 05:22:52.708138 2024] [proxy_fcgi:error] [pid 58374:tid 58374] [client 136.243.220.212:14148] AH01071: Got error 'Primary script unknown'
[Tue Aug 20 05:22:53.981303 2024] [proxy_fcgi:error] [pid 58507:tid 58507] [client 85.208.96.212:49886] AH01071: Got error 'Primary script unknown'
[Tue Aug 20 05:22:54.044145 2024] [proxy_fcgi:error] [pid 58476:tid 58476] [client 23.22.35.162:48163] AH01071: Got error 'Primary script unknown'
[Tue Aug 20 05:22:58.179506 2024] [proxy_fcgi:error] [pid 58370:tid 58370] [client 3.224.220.101:27849] AH01071: Got error 'Primary script unknown'
[Tue Aug 20 05:22:58.353839 2024] [proxy_fcgi:error] [pid 58374:tid 58374] [client 173.252.87.6:32810] AH01071: Got error 'Primary script unknown'
[Tue Aug 20 05:22:58.438320 2024] [proxy_fcgi:error] [pid 58424:tid 58424] [client 209.126.10.25:60900] AH01071: Got error 'Primary script unknown'
[Tue Aug 20 05:22:59.794452 2024] [proxy_fcgi:error] [pid 58507:tid 58507] [client 136.243.220.212:50503] AH01071: Got error 'Primary script unknown'
[Tue Aug 20 05:23:00.468841 2024] [proxy_fcgi:error] [pid 58476:tid 58476] [client 57.141.0.3:50962] AH01071: Got error 'Primary script unknown'
[Tue Aug 20 05:23:00.669106 2024] [proxy_fcgi:error] [pid 58371:tid 58371] [client 136.243.220.212:1513] AH01071: Got error 'Primary script unknown'
[Tue Aug 20 05:23:00.803748 2024] [proxy_fcgi:error] [pid 58370:tid 58370] [client 185.191.171.7:9878] AH01071: Got error 'Primary script unknown'
[Tue Aug 20 05:23:02.049130 2024] [proxy_fcgi:error] [pid 58373:tid 58373] [client 52.70.240.171:61391] AH01071: Got error 'Primary script unknown'
[Tue Aug 20 05:23:02.542102 2024] [proxy_fcgi:error] [pid 58507:tid 58507] [client 57.141.0.19:42884] AH01071: Got error 'Primary script unknown'
[Tue Aug 20 05:23:14.041622 2024] [mpm_prefork:notice] [pid 1157:tid 1157] AH00171: Graceful restart requested, doing restart
[Tue Aug 20 05:23:14.135605 2024] [:notice] [pid 1157:tid 1157] mod_ruid2/0.9.8 enabled
[Tue Aug 20 05:23:14.136037 2024] [mpm_prefork:notice] [pid 1157:tid 1157] AH00163: Apache/2.4.62 (cPanel) OpenSSL/1.1.1f mod_bwlimited/1.4 configured -- resuming normal operations
[Tue Aug 20 05:23:14.136064 2024] [core:notice] [pid 1157:tid 1157] AH00094: Command line: '/usr/sbin/httpd'
[Tue Aug 20 05:23:14.813494 2024] [log_config:warn] [pid 58424:tid 58424] (32)Broken pipe: [client 74.208.12.35:52748] AH00646: Error writing to |/usr/local/cpanel/bin/splitlogs --dir=/etc/apache2/logs/domlogs --main=52-72-122-155.cprapid.com --suffix=-bytes_log
[Tue Aug 20 05:23:14.813536 2024] [log_config:warn] [pid 58424:tid 58424] (32)Broken pipe: [client 74.208.12.35:52748] AH00646: Error writing to |/usr/local/cpanel/bin/splitlogs --dir=/etc/apache2/logs/domlogs --main=52-72-122-155.cprapid.com --mainout=/etc/apache2/logs/access_log
[Tue Aug 20 05:28:14.139393 2024] [log_config:warn] [pid 57603:tid 57603] (32)Broken pipe: [client 51.161.94.36:51928] AH00646: Error writing to |/usr/local/cpanel/bin/splitlogs --dir=/etc/apache2/logs/domlogs --main=52-72-122-155.cprapid.com --suffix=-bytes_log
[Tue Aug 20 05:28:14.139451 2024] [log_config:warn] [pid 57603:tid 57603] (32)Broken pipe: [client 51.161.94.36:51928] AH00646: Error writing to |/usr/local/cpanel/bin/splitlogs --dir=/etc/apache2/logs/domlogs --main=52-72-122-155.cprapid.com --mainout=/etc/apache2/logs/access_log
[Tue Aug 20 06:11:40.153982 2024] [proxy_fcgi:error] [pid 61757:tid 61757] (70007)The timeout specified has expired: [client 200.121.227.26:4835] AH01075: Error dispatching request to : (reading input brigade), referer: https://vivehg.com/wp-admin/admin.php?page=ai1wm_import
[Tue Aug 20 06:16:40.157733 2024] [proxy_fcgi:error] [pid 61757:tid 61757] (70007)The timeout specified has expired: [client 200.121.227.26:4835] AH01075: Error dispatching request to : (reading input brigade), referer: https://vivehg.com/wp-admin/admin.php?page=ai1wm_import
[Tue Aug 20 13:01:27.482105 2024] [core:crit] [pid 86323:tid 86323] (13)Permission denied: [client 45.33.109.10:36853] AH00529: /home/vivehg/public_html/.htaccess pcfg_openfile: unable to check htaccess file, ensure it is readable and that '/home/vivehg/public_html/' is executable
[Tue Aug 20 13:40:33.111846 2024] [cgi:error] [pid 88717:tid 88717] [client 52.34.98.174:45670] AH02811: stderr from /usr/local/cpanel/cgi-sys/defaultwebpage.c: script not found or unable to stat
[Tue Aug 20 14:04:06.501585 2024] [core:crit] [pid 89287:tid 89287] (13)Permission denied: [client 4.151.38.194:59128] AH00529: /home/vivehg/public_html/.htaccess pcfg_openfile: unable to check htaccess file, ensure it is readable and that '/home/vivehg/public_html/' is executable
[Tue Aug 20 16:06:38.222689 2024] [core:crit] [pid 96334:tid 96334] (13)Permission denied: [client 167.71.110.14:52180] AH00529: /home/vivehg/public_html/.htaccess pcfg_openfile: unable to check htaccess file, ensure it is readable and that '/home/vivehg/public_html/' is executable
[Tue Aug 20 16:52:09.918054 2024] [core:crit] [pid 98841:tid 98841] (13)Permission denied: [client 209.38.64.29:50638] AH00529: /home/vivehg/public_html/.htaccess pcfg_openfile: unable to check htaccess file, ensure it is readable and that '/home/vivehg/public_html/' is executable
[Tue Aug 20 16:52:11.068660 2024] [core:crit] [pid 98491:tid 98491] (13)Permission denied: [client 209.38.64.29:57490] AH00529: /home/vivehg/public_html/.htaccess pcfg_openfile: unable to check htaccess file, ensure it is readable and that '/home/vivehg/public_html/' is executable
[Tue Aug 20 16:52:11.732327 2024] [core:crit] [pid 98717:tid 98717] (13)Permission denied: [client 209.38.64.29:57504] AH00529: /home/vivehg/public_html/.htaccess pcfg_openfile: unable to check htaccess file, ensure it is readable and that '/home/vivehg/public_html/' is executable
[Tue Aug 20 19:29:35.365088 2024] [cgi:error] [pid 107098:tid 107098] [client 154.212.141.229:60392] AH02811: stderr from /usr/local/cpanel/cgi-sys/favicon.ico: script not found or unable to stat
[Tue Aug 20 20:24:50.996861 2024] [mpm_prefork:notice] [pid 1157:tid 1157] AH00171: Graceful restart requested, doing restart
[Tue Aug 20 20:24:51.133384 2024] [:notice] [pid 1157:tid 1157] mod_ruid2/0.9.8 enabled
[Tue Aug 20 20:24:51.133782 2024] [mpm_prefork:notice] [pid 1157:tid 1157] AH00163: Apache/2.4.62 (cPanel) OpenSSL/1.1.1f mod_bwlimited/1.4 configured -- resuming normal operations
[Tue Aug 20 20:24:51.133802 2024] [core:notice] [pid 1157:tid 1157] AH00094: Command line: '/usr/sbin/httpd'
[Tue Aug 20 20:24:51.186655 2024] [log_config:warn] [pid 109304:tid 109304] (32)Broken pipe: [client 172.71.223.100:37648] AH00646: Error writing to |/usr/local/cpanel/bin/splitlogs --dir=/etc/apache2/logs/domlogs --main=52-72-122-155.cprapid.com --suffix=-bytes_log
[Tue Aug 20 20:24:51.186709 2024] [log_config:warn] [pid 109304:tid 109304] (32)Broken pipe: [client 172.71.223.100:37648] AH00646: Error writing to |/usr/local/cpanel/bin/splitlogs --dir=/etc/apache2/logs/domlogs --main=52-72-122-155.cprapid.com --mainout=/etc/apache2/logs/access_log
[Tue Aug 20 20:24:51.497004 2024] [log_config:warn] [pid 109372:tid 109372] (32)Broken pipe: [client 172.71.150.9:51178] AH00646: Error writing to |/usr/local/cpanel/bin/splitlogs --dir=/etc/apache2/logs/domlogs --main=52-72-122-155.cprapid.com --suffix=-bytes_log
[Tue Aug 20 20:24:51.497094 2024] [log_config:warn] [pid 109372:tid 109372] (32)Broken pipe: [client 172.71.150.9:51178] AH00646: Error writing to |/usr/local/cpanel/bin/splitlogs --dir=/etc/apache2/logs/domlogs --main=52-72-122-155.cprapid.com --mainout=/etc/apache2/logs/access_log
[Wed Aug 21 01:08:56.877732 2024] [core:crit] [pid 132116:tid 132116] (13)Permission denied: [client 94.102.49.238:45942] AH00529: /home/vivehg/public_html/.htaccess pcfg_openfile: unable to check htaccess file, ensure it is readable and that '/home/vivehg/public_html/' is executable
[Wed Aug 21 05:55:05.387950 2024] [core:crit] [pid 150884:tid 150884] (13)Permission denied: [client 172.212.60.217:42910] AH00529: /home/vivehg/public_html/.htaccess pcfg_openfile: unable to check htaccess file, ensure it is readable and that '/home/vivehg/public_html/' is executable
[Wed Aug 21 08:37:55.169554 2024] [core:crit] [pid 161212:tid 161212] (13)Permission denied: [client 57.152.56.107:44156] AH00529: /home/vivehg/public_html/.htaccess pcfg_openfile: unable to check htaccess file, ensure it is readable and that '/home/vivehg/public_html/' is executable
[Wed Aug 21 08:52:39.998083 2024] [core:error] [pid 162300:tid 162300] [client 212.113.102.130:44220] AH10244: invalid URI path (/cgi-bin/.%2e/.%2e/.%2e/.%2e/.%2e/.%2e/.%2e/.%2e/.%2e/.%2e/bin/sh)
[Wed Aug 21 08:52:40.301398 2024] [core:error] [pid 161212:tid 161212] [client 212.113.102.130:44226] AH10244: invalid URI path (/cgi-bin/%%32%65%%32%65/%%32%65%%32%65/%%32%65%%32%65/%%32%65%%32%65/%%32%65%%32%65/%%32%65%%32%65/%%32%65%%32%65/bin/sh)
[Wed Aug 21 15:32:55.304993 2024] [core:crit] [pid 183487:tid 183487] (13)Permission denied: [client 57.151.49.237:41480] AH00529: /home/vivehg/public_html/.htaccess pcfg_openfile: unable to check htaccess file, ensure it is readable and that '/home/vivehg/public_html/' is executable
[Wed Aug 21 15:55:05.718925 2024] [core:crit] [pid 184323:tid 184323] (13)Permission denied: [client 165.232.93.99:46700] AH00529: /home/vivehg/public_html/.htaccess pcfg_openfile: unable to check htaccess file, ensure it is readable and that '/home/vivehg/public_html/' is executable
[Wed Aug 21 15:55:06.973002 2024] [core:crit] [pid 184364:tid 184364] (13)Permission denied: [client 165.232.93.99:46720] AH00529: /home/vivehg/public_html/.htaccess pcfg_openfile: unable to check htaccess file, ensure it is readable and that '/home/vivehg/public_html/' is executable
[Wed Aug 21 15:55:07.775264 2024] [core:crit] [pid 184401:tid 184401] (13)Permission denied: [client 165.232.93.99:46748] AH00529: /home/vivehg/public_html/.htaccess pcfg_openfile: unable to check htaccess file, ensure it is readable and that '/home/vivehg/public_html/' is executable
[Wed Aug 21 21:13:45.817799 2024] [autoindex:error] [pid 202949:tid 202949] [client 162.158.172.167:53162] AH01276: Cannot serve directory /home/vivehg/public_html/wp-includes/: No matching DirectoryIndex (index.php,index.php8,index.php7,index.php5,index.perl,index.pl,index.plx,index.ppl,index.cgi,index.jsp,index.jp,index.phtml,index.shtml,index.xhtml,index.html,index.htm,index.js) found, and server-generated directory index forbidden by Options directive
[Wed Aug 21 21:32:50.045369 2024] [authz_core:error] [pid 204128:tid 204128] [client 162.158.202.115:10582] AH01630: client denied by server configuration: /home/vivehg/public_html/wp-content/plugins/litespeed-cache
[Wed Aug 21 21:32:50.805746 2024] [authz_core:error] [pid 204175:tid 204175] [client 172.69.50.163:58598] AH01630: client denied by server configuration: /home/vivehg/public_html/wp-content/plugins/litespeed-cache
[Wed Aug 21 23:55:54.448486 2024] [authz_core:error] [pid 212428:tid 212428] [client 172.70.246.14:12454] AH01630: client denied by server configuration: /home/vivehg/public_html/wp-content/plugins/litespeed-cache
[Thu Aug 22 00:23:28.707191 2024] [mpm_prefork:notice] [pid 1157:tid 1157] AH00171: Graceful restart requested, doing restart
[Thu Aug 22 00:23:28.786368 2024] [:notice] [pid 1157:tid 1157] mod_ruid2/0.9.8 enabled
[Thu Aug 22 00:23:28.786843 2024] [mpm_prefork:notice] [pid 1157:tid 1157] AH00163: Apache/2.4.62 (cPanel) OpenSSL/1.1.1f mod_bwlimited/1.4 configured -- resuming normal operations
[Thu Aug 22 00:23:28.786866 2024] [core:notice] [pid 1157:tid 1157] AH00094: Command line: '/usr/sbin/httpd'
[Thu Aug 22 00:23:49.143465 2024] [mpm_prefork:notice] [pid 1157:tid 1157] AH00171: Graceful restart requested, doing restart
[Thu Aug 22 00:23:49.222129 2024] [:notice] [pid 1157:tid 1157] mod_ruid2/0.9.8 enabled
[Thu Aug 22 00:23:49.222504 2024] [mpm_prefork:notice] [pid 1157:tid 1157] AH00163: Apache/2.4.62 (cPanel) OpenSSL/1.1.1f mod_bwlimited/1.4 configured -- resuming normal operations
[Thu Aug 22 00:23:49.222525 2024] [core:notice] [pid 1157:tid 1157] AH00094: Command line: '/usr/sbin/httpd'
[Thu Aug 22 00:23:49.475094 2024] [log_config:warn] [pid 217143:tid 217143] (32)Broken pipe: [client 172.68.26.211:48736] AH00646: Error writing to |/usr/local/cpanel/bin/splitlogs --dir=/etc/apache2/logs/domlogs --main=52-72-122-155.cprapid.com --suffix=-bytes_log
[Thu Aug 22 00:23:49.475163 2024] [log_config:warn] [pid 217143:tid 217143] (32)Broken pipe: [client 172.68.26.211:48736] AH00646: Error writing to |/usr/local/cpanel/bin/splitlogs --dir=/etc/apache2/logs/domlogs --main=52-72-122-155.cprapid.com --mainout=/etc/apache2/logs/access_log
[Thu Aug 22 00:59:54.552796 2024] [cgi:error] [pid 221182:tid 221182] [client 13.215.228.180:50192] AH02811: stderr from /var/www/html/app.pl: script not found or unable to stat
[Thu Aug 22 05:18:11.144069 2024] [core:crit] [pid 236611:tid 236611] (13)Permission denied: [client 170.64.162.206:41742] AH00529: /home/vivehg/public_html/.htaccess pcfg_openfile: unable to check htaccess file, ensure it is readable and that '/home/vivehg/public_html/' is executable
[Thu Aug 22 05:18:12.756215 2024] [core:crit] [pid 236615:tid 236615] (13)Permission denied: [client 170.64.162.206:44314] AH00529: /home/vivehg/public_html/.htaccess pcfg_openfile: unable to check htaccess file, ensure it is readable and that '/home/vivehg/public_html/' is executable
[Thu Aug 22 05:18:14.341260 2024] [core:crit] [pid 236451:tid 236451] (13)Permission denied: [client 170.64.162.206:44334] AH00529: /home/vivehg/public_html/.htaccess pcfg_openfile: unable to check htaccess file, ensure it is readable and that '/home/vivehg/public_html/' is executable
[Thu Aug 22 18:42:52.235024 2024] [core:crit] [pid 303659:tid 303659] (13)Permission denied: [client 172.206.142.80:54326] AH00529: /home/vivehg/public_html/.htaccess pcfg_openfile: unable to check htaccess file, ensure it is readable and that '/home/vivehg/public_html/' is executable
[Thu Aug 22 19:14:31.680006 2024] [autoindex:error] [pid 304517:tid 304517] [client 172.68.71.30:63676] AH01276: Cannot serve directory /home/vivehg/public_html/wp-includes/: No matching DirectoryIndex (index.php,index.php8,index.php7,index.php5,index.perl,index.pl,index.plx,index.ppl,index.cgi,index.jsp,index.jp,index.phtml,index.shtml,index.xhtml,index.html,index.htm,index.js) found, and server-generated directory index forbidden by Options directive
[Thu Aug 22 19:50:47.789440 2024] [mpm_prefork:error] [pid 1157:tid 1157] AH00161: server reached MaxRequestWorkers setting, consider raising the MaxRequestWorkers setting
[Fri Aug 23 07:03:05.940255 2024] [core:error] [pid 349726:tid 349726] [client 118.107.44.111:36776] AH10244: invalid URI path (/cgi-bin/.%2e/.%2e/.%2e/.%2e/.%2e/.%2e/.%2e/.%2e/.%2e/.%2e/bin/sh)
[Fri Aug 23 07:03:06.568357 2024] [core:error] [pid 349813:tid 349813] [client 118.107.44.111:38258] AH10244: invalid URI path (/cgi-bin/%%32%65%%32%65/%%32%65%%32%65/%%32%65%%32%65/%%32%65%%32%65/%%32%65%%32%65/%%32%65%%32%65/%%32%65%%32%65/bin/sh)
[Fri Aug 23 07:04:58.947526 2024] [core:crit] [pid 350313:tid 350313] (13)Permission denied: [client 68.69.184.230:51118] AH00529: /home/vivehg/public_html/.htaccess pcfg_openfile: unable to check htaccess file, ensure it is readable and that '/home/vivehg/public_html/' is executable
[Fri Aug 23 08:15:00.569668 2024] [core:crit] [pid 355636:tid 355636] (13)Permission denied: [client 80.82.77.202:56658] AH00529: /home/vivehg/public_html/.htaccess pcfg_openfile: unable to check htaccess file, ensure it is readable and that '/home/vivehg/public_html/' is executable
[Fri Aug 23 08:15:00.864369 2024] [core:crit] [pid 355450:tid 355450] (13)Permission denied: [client 80.82.77.202:23812] AH00529: /home/vivehg/public_html/.htaccess pcfg_openfile: unable to check htaccess file, ensure it is readable and that '/home/vivehg/public_html/' is executable
[Fri Aug 23 08:15:00.879043 2024] [core:crit] [pid 355641:tid 355641] (13)Permission denied: [client 80.82.77.202:37467] AH00529: /home/vivehg/public_html/.htaccess pcfg_openfile: unable to check htaccess file, ensure it is readable and that '/home/vivehg/public_html/' is executable
[Fri Aug 23 08:15:08.793748 2024] [core:crit] [pid 355529:tid 355529] (13)Permission denied: [client 5.8.11.202:56960] AH00529: /home/vivehg/public_html/.htaccess pcfg_openfile: unable to check htaccess file, ensure it is readable and that '/home/vivehg/public_html/' is executable
[Fri Aug 23 18:14:11.611302 2024] [core:error] [pid 383184:tid 383184] [client 213.142.151.103:53514] AH10244: invalid URI path (/cgi-bin/.%2e/.%2e/.%2e/.%2e/.%2e/.%2e/.%2e/.%2e/.%2e/.%2e/bin/sh)
[Fri Aug 23 18:18:41.343019 2024] [core:crit] [pid 383490:tid 383490] (13)Permission denied: [client 164.92.117.229:50038] AH00529: /home/vivehg/public_html/.htaccess pcfg_openfile: unable to check htaccess file, ensure it is readable and that '/home/vivehg/public_html/' is executable
[Fri Aug 23 20:28:27.249230 2024] [core:crit] [pid 389022:tid 389022] (13)Permission denied: [client 4.151.228.179:42958] AH00529: /home/vivehg/public_html/.htaccess pcfg_openfile: unable to check htaccess file, ensure it is readable and that '/home/vivehg/public_html/' is executable
[Fri Aug 23 22:54:09.285488 2024] [core:crit] [pid 394727:tid 394727] (13)Permission denied: [client 170.64.188.99:40964] AH00529: /home/vivehg/public_html/.htaccess pcfg_openfile: unable to check htaccess file, ensure it is readable and that '/home/vivehg/public_html/' is executable
[Fri Aug 23 22:54:10.917333 2024] [core:crit] [pid 395757:tid 395757] (13)Permission denied: [client 170.64.188.99:40990] AH00529: /home/vivehg/public_html/.htaccess pcfg_openfile: unable to check htaccess file, ensure it is readable and that '/home/vivehg/public_html/' is executable
[Fri Aug 23 22:54:12.473129 2024] [core:crit] [pid 395417:tid 395417] (13)Permission denied: [client 170.64.188.99:40994] AH00529: /home/vivehg/public_html/.htaccess pcfg_openfile: unable to check htaccess file, ensure it is readable and that '/home/vivehg/public_html/' is executable
[Sat Aug 24 13:59:19.385500 2024] [ssl:error] [pid 444060:tid 444060] [client 167.94.146.60:58904] AH02032: Hostname 52-72-122-155.cprapid.com provided via SNI and hostname 52.72.122.155 provided via HTTP have no compatible SSL setup
[Sat Aug 24 14:04:08.920498 2024] [core:crit] [pid 445014:tid 445014] (13)Permission denied: [client 5.8.11.202:41356] AH00529: /home/vivehg/public_html/.htaccess pcfg_openfile: unable to check htaccess file, ensure it is readable and that '/home/vivehg/public_html/' is executable
[Sat Aug 24 17:35:35.403050 2024] [autoindex:error] [pid 454191:tid 454191] [client 162.158.172.24:44896] AH01276: Cannot serve directory /home/vivehg/public_html/wp-content/plugins/contact-form-7/includes/: No matching DirectoryIndex (index.php,index.php8,index.php7,index.php5,index.perl,index.pl,index.plx,index.ppl,index.cgi,index.jsp,index.jp,index.phtml,index.shtml,index.xhtml,index.html,index.htm,index.js) found, and server-generated directory index forbidden by Options directive
[Sat Aug 24 18:33:00.652344 2024] [cgi:error] [pid 457472:tid 457472] [client 154.212.141.235:56306] AH02811: stderr from /usr/local/cpanel/cgi-sys/favicon.ico: script not found or unable to stat
[Sat Aug 24 18:33:00.947889 2024] [cgi:error] [pid 457509:tid 457509] [client 154.212.141.231:60794] AH02811: stderr from /usr/local/cpanel/cgi-sys/favicon.ico: script not found or unable to stat
[Sat Aug 24 18:33:00.985388 2024] [cgi:error] [pid 457294:tid 457294] [client 103.149.26.162:61480] AH02811: stderr from /usr/local/cpanel/cgi-sys/favicon.ico: script not found or unable to stat
[Sat Aug 24 18:33:01.567075 2024] [cgi:error] [pid 457520:tid 457520] [client 103.149.26.162:61576] AH02811: stderr from /usr/local/cpanel/cgi-sys/favicon.ico: script not found or unable to stat
[Sat Aug 24 18:33:56.515521 2024] [cgi:error] [pid 457501:tid 457501] [client 154.212.141.233:38952] AH02811: stderr from /usr/local/cpanel/cgi-sys/favicon.ico: script not found or unable to stat
[Sat Aug 24 18:34:00.071165 2024] [cgi:error] [pid 457294:tid 457294] [client 154.212.141.233:47106] AH02811: stderr from /usr/local/cpanel/cgi-sys/favicon.ico: script not found or unable to stat
[Sat Aug 24 18:34:32.586579 2024] [cgi:error] [pid 457509:tid 457509] [client 154.212.141.233:42768] AH02811: stderr from /usr/local/cpanel/cgi-sys/favicon.ico: script not found or unable to stat
[Sat Aug 24 23:46:52.122794 2024] [core:crit] [pid 471166:tid 471166] (13)Permission denied: [client 57.151.71.88:55644] AH00529: /home/vivehg/public_html/.htaccess pcfg_openfile: unable to check htaccess file, ensure it is readable and that '/home/vivehg/public_html/' is executable
[Sun Aug 25 00:44:47.706419 2024] [core:crit] [pid 476800:tid 476800] (13)Permission denied: [client 199.45.154.134:48826] AH00529: /home/vivehg/public_html/.htaccess pcfg_openfile: unable to check htaccess file, ensure it is readable and that '/home/vivehg/public_html/' is executable
[Sun Aug 25 00:44:51.973036 2024] [core:crit] [pid 476186:tid 476186] (13)Permission denied: [client 199.45.154.134:48842] AH00529: /home/vivehg/public_html/.htaccess pcfg_openfile: unable to check htaccess file, ensure it is readable and that '/home/vivehg/public_html/' is executable
[Sun Aug 25 02:11:20.084245 2024] [core:crit] [pid 482748:tid 482748] (13)Permission denied: [client 209.38.136.82:50032] AH00529: /home/vivehg/public_html/.htaccess pcfg_openfile: unable to check htaccess file, ensure it is readable and that '/home/vivehg/public_html/' is executable
[Sun Aug 25 18:12:40.468715 2024] [core:crit] [pid 522101:tid 522101] (13)Permission denied: [client 194.163.131.248:51376] AH00529: /home/vivehg/public_html/.htaccess pcfg_openfile: unable to check htaccess file, ensure it is readable and that '/home/vivehg/public_html/' is executable
[Mon Aug 26 00:45:19.832616 2024] [core:crit] [pid 544194:tid 544194] (13)Permission denied: [client 52.228.153.70:37886] AH00529: /home/vivehg/public_html/.htaccess pcfg_openfile: unable to check htaccess file, ensure it is readable and that '/home/vivehg/public_html/' is executable
[Mon Aug 26 05:07:42.431743 2024] [core:crit] [pid 562328:tid 562328] (13)Permission denied: [client 185.189.182.234:53890] AH00529: /home/vivehg/public_html/.htaccess pcfg_openfile: unable to check htaccess file, ensure it is readable and that '/home/vivehg/public_html/' is executable
[Mon Aug 26 16:53:49.775293 2024] [core:crit] [pid 595936:tid 595936] (13)Permission denied: [client 178.62.216.118:46292] AH00529: /home/vivehg/public_html/.htaccess pcfg_openfile: unable to check htaccess file, ensure it is readable and that '/home/vivehg/public_html/' is executable
[Mon Aug 26 22:01:13.065207 2024] [core:crit] [pid 609710:tid 609710] (13)Permission denied: [client 173.255.221.189:42584] AH00529: /home/vivehg/public_html/.htaccess pcfg_openfile: unable to check htaccess file, ensure it is readable and that '/home/vivehg/public_html/' is executable
[Tue Aug 27 02:34:33.441355 2024] [core:crit] [pid 627291:tid 627291] (13)Permission denied: [client 104.209.35.238:38094] AH00529: /home/vivehg/public_html/.htaccess pcfg_openfile: unable to check htaccess file, ensure it is readable and that '/home/vivehg/public_html/' is executable
[Tue Aug 27 02:43:13.317135 2024] [core:crit] [pid 627728:tid 627728] (13)Permission denied: [client 152.32.151.128:56474] AH00529: /home/vivehg/public_html/.htaccess pcfg_openfile: unable to check htaccess file, ensure it is readable and that '/home/vivehg/public_html/' is executable
[Tue Aug 27 02:43:23.013727 2024] [core:crit] [pid 628003:tid 628003] (13)Permission denied: [client 152.32.151.128:60154] AH00529: /home/vivehg/public_html/.htaccess pcfg_openfile: unable to check htaccess file, ensure it is readable and that '/home/vivehg/public_html/' is executable
[Tue Aug 27 03:23:51.015120 2024] [core:crit] [pid 628879:tid 628879] (13)Permission denied: [client 172.206.143.210:56824] AH00529: /home/vivehg/public_html/.htaccess pcfg_openfile: unable to check htaccess file, ensure it is readable and that '/home/vivehg/public_html/' is executable
[Tue Aug 27 05:04:51.007431 2024] [core:crit] [pid 632617:tid 632617] (13)Permission denied: [client 188.166.68.252:43808] AH00529: /home/vivehg/public_html/.htaccess pcfg_openfile: unable to check htaccess file, ensure it is readable and that '/home/vivehg/public_html/' is executable
[Tue Aug 27 09:48:54.346136 2024] [core:crit] [pid 650296:tid 650296] (13)Permission denied: [client 185.189.182.234:34610] AH00529: /home/vivehg/public_html/.htaccess pcfg_openfile: unable to check htaccess file, ensure it is readable and that '/home/vivehg/public_html/' is executable
[Tue Aug 27 13:45:00.833933 2024] [core:crit] [pid 659351:tid 659351] (13)Permission denied: [client 78.153.140.177:49414] AH00529: /home/vivehg/public_html/.htaccess pcfg_openfile: unable to check htaccess file, ensure it is readable and that '/home/vivehg/public_html/' is executable
[Tue Aug 27 13:45:01.158490 2024] [core:crit] [pid 659890:tid 659890] (13)Permission denied: [client 78.153.140.177:53258] AH00529: /home/vivehg/public_html/.htaccess pcfg_openfile: unable to check htaccess file, ensure it is readable and that '/home/vivehg/public_html/' is executable
[Tue Aug 27 13:45:01.490118 2024] [core:crit] [pid 660116:tid 660116] (13)Permission denied: [client 78.153.140.177:58190] AH00529: /home/vivehg/public_html/.htaccess pcfg_openfile: unable to check htaccess file, ensure it is readable and that '/home/vivehg/public_html/' is executable
[Tue Aug 27 13:45:02.833556 2024] [core:crit] [pid 659471:tid 659471] (13)Permission denied: [client 78.153.140.177:34614] AH00529: /home/vivehg/public_html/.htaccess pcfg_openfile: unable to check htaccess file, ensure it is readable and that '/home/vivehg/public_html/' is executable
[Tue Aug 27 13:45:44.013349 2024] [core:crit] [pid 659471:tid 659471] (13)Permission denied: [client 78.153.140.177:52342] AH00529: /home/vivehg/public_html/.htaccess pcfg_openfile: unable to check htaccess file, ensure it is readable and that '/home/vivehg/public_html/' is executable
[Tue Aug 27 13:46:14.722716 2024] [core:crit] [pid 659927:tid 659927] (13)Permission denied: [client 78.153.140.177:52252] AH00529: /home/vivehg/public_html/.htaccess pcfg_openfile: unable to check htaccess file, ensure it is readable and that '/home/vivehg/public_html/' is executable
[Tue Aug 27 13:46:47.449129 2024] [core:crit] [pid 659869:tid 659869] (13)Permission denied: [client 78.153.140.177:43728] AH00529: /home/vivehg/public_html/.htaccess pcfg_openfile: unable to check htaccess file, ensure it is readable and that '/home/vivehg/public_html/' is executable
[Tue Aug 27 13:47:00.546032 2024] [core:crit] [pid 659351:tid 659351] (13)Permission denied: [client 78.153.140.177:52138] AH00529: /home/vivehg/public_html/.htaccess pcfg_openfile: unable to check htaccess file, ensure it is readable and that '/home/vivehg/public_html/' is executable
[Tue Aug 27 13:47:18.703143 2024] [core:crit] [pid 659471:tid 659471] (13)Permission denied: [client 78.153.140.177:39682] AH00529: /home/vivehg/public_html/.htaccess pcfg_openfile: unable to check htaccess file, ensure it is readable and that '/home/vivehg/public_html/' is executable
[Tue Aug 27 13:47:24.753791 2024] [core:crit] [pid 658836:tid 658836] (13)Permission denied: [client 78.153.140.177:44660] AH00529: /home/vivehg/public_html/.htaccess pcfg_openfile: unable to check htaccess file, ensure it is readable and that '/home/vivehg/public_html/' is executable
[Tue Aug 27 13:47:28.409272 2024] [core:crit] [pid 659471:tid 659471] (13)Permission denied: [client 78.153.140.177:55826] AH00529: /home/vivehg/public_html/.htaccess pcfg_openfile: unable to check htaccess file, ensure it is readable and that '/home/vivehg/public_html/' is executable
[Tue Aug 27 13:47:52.952470 2024] [core:crit] [pid 659471:tid 659471] (13)Permission denied: [client 78.153.140.177:50390] AH00529: /home/vivehg/public_html/.htaccess pcfg_openfile: unable to check htaccess file, ensure it is readable and that '/home/vivehg/public_html/' is executable
[Tue Aug 27 13:48:22.727575 2024] [core:crit] [pid 659869:tid 659869] (13)Permission denied: [client 78.153.140.177:45172] AH00529: /home/vivehg/public_html/.htaccess pcfg_openfile: unable to check htaccess file, ensure it is readable and that '/home/vivehg/public_html/' is executable
[Tue Aug 27 13:48:47.499615 2024] [core:crit] [pid 659481:tid 659481] (13)Permission denied: [client 78.153.140.177:57598] AH00529: /home/vivehg/public_html/.htaccess pcfg_openfile: unable to check htaccess file, ensure it is readable and that '/home/vivehg/public_html/' is executable
[Tue Aug 27 13:49:08.226037 2024] [core:crit] [pid 659927:tid 659927] (13)Permission denied: [client 78.153.140.177:50162] AH00529: /home/vivehg/public_html/.htaccess pcfg_openfile: unable to check htaccess file, ensure it is readable and that '/home/vivehg/public_html/' is executable
[Tue Aug 27 13:49:14.840483 2024] [core:crit] [pid 660116:tid 660116] (13)Permission denied: [client 78.153.140.177:48230] AH00529: /home/vivehg/public_html/.htaccess pcfg_openfile: unable to check htaccess file, ensure it is readable and that '/home/vivehg/public_html/' is executable
[Tue Aug 27 13:49:17.000885 2024] [core:crit] [pid 659471:tid 659471] (13)Permission denied: [client 78.153.140.177:37708] AH00529: /home/vivehg/public_html/.htaccess pcfg_openfile: unable to check htaccess file, ensure it is readable and that '/home/vivehg/public_html/' is executable
[Tue Aug 27 13:49:20.966926 2024] [core:crit] [pid 659866:tid 659866] (13)Permission denied: [client 78.153.140.177:44688] AH00529: /home/vivehg/public_html/.htaccess pcfg_openfile: unable to check htaccess file, ensure it is readable and that '/home/vivehg/public_html/' is executable
[Tue Aug 27 13:49:31.359990 2024] [core:crit] [pid 659927:tid 659927] (13)Permission denied: [client 78.153.140.177:54302] AH00529: /home/vivehg/public_html/.htaccess pcfg_openfile: unable to check htaccess file, ensure it is readable and that '/home/vivehg/public_html/' is executable
[Tue Aug 27 13:49:32.711760 2024] [core:crit] [pid 659481:tid 659481] (13)Permission denied: [client 78.153.140.177:37656] AH00529: /home/vivehg/public_html/.htaccess pcfg_openfile: unable to check htaccess file, ensure it is readable and that '/home/vivehg/public_html/' is executable
[Tue Aug 27 13:49:34.945439 2024] [core:crit] [pid 660116:tid 660116] (13)Permission denied: [client 78.153.140.177:33526] AH00529: /home/vivehg/public_html/.htaccess pcfg_openfile: unable to check htaccess file, ensure it is readable and that '/home/vivehg/public_html/' is executable
[Tue Aug 27 13:49:41.641389 2024] [core:crit] [pid 659869:tid 659869] (13)Permission denied: [client 78.153.140.177:49584] AH00529: /home/vivehg/public_html/.htaccess pcfg_openfile: unable to check htaccess file, ensure it is readable and that '/home/vivehg/public_html/' is executable
[Tue Aug 27 13:50:00.419815 2024] [core:crit] [pid 660116:tid 660116] (13)Permission denied: [client 78.153.140.177:57618] AH00529: /home/vivehg/public_html/.htaccess pcfg_openfile: unable to check htaccess file, ensure it is readable and that '/home/vivehg/public_html/' is executable
[Tue Aug 27 13:50:13.964602 2024] [core:crit] [pid 658842:tid 658842] (13)Permission denied: [client 78.153.140.177:59248] AH00529: /home/vivehg/public_html/.htaccess pcfg_openfile: unable to check htaccess file, ensure it is readable and that '/home/vivehg/public_html/' is executable
[Tue Aug 27 13:50:29.093967 2024] [core:crit] [pid 659481:tid 659481] (13)Permission denied: [client 78.153.140.177:60346] AH00529: /home/vivehg/public_html/.htaccess pcfg_openfile: unable to check htaccess file, ensure it is readable and that '/home/vivehg/public_html/' is executable
[Tue Aug 27 13:50:44.513612 2024] [core:crit] [pid 660116:tid 660116] (13)Permission denied: [client 78.153.140.177:33316] AH00529: /home/vivehg/public_html/.htaccess pcfg_openfile: unable to check htaccess file, ensure it is readable and that '/home/vivehg/public_html/' is executable
[Tue Aug 27 13:51:06.088275 2024] [core:crit] [pid 659866:tid 659866] (13)Permission denied: [client 78.153.140.177:60824] AH00529: /home/vivehg/public_html/.htaccess pcfg_openfile: unable to check htaccess file, ensure it is readable and that '/home/vivehg/public_html/' is executable
[Tue Aug 27 13:51:41.444206 2024] [core:crit] [pid 660405:tid 660405] (13)Permission denied: [client 78.153.140.177:55896] AH00529: /home/vivehg/public_html/.htaccess pcfg_openfile: unable to check htaccess file, ensure it is readable and that '/home/vivehg/public_html/' is executable
[Tue Aug 27 13:51:49.180870 2024] [core:crit] [pid 660393:tid 660393] (13)Permission denied: [client 78.153.140.177:50226] AH00529: /home/vivehg/public_html/.htaccess pcfg_openfile: unable to check htaccess file, ensure it is readable and that '/home/vivehg/public_html/' is executable
[Tue Aug 27 13:51:54.009393 2024] [core:crit] [pid 658842:tid 658842] (13)Permission denied: [client 78.153.140.177:56224] AH00529: /home/vivehg/public_html/.htaccess pcfg_openfile: unable to check htaccess file, ensure it is readable and that '/home/vivehg/public_html/' is executable
[Tue Aug 27 13:52:05.096031 2024] [core:crit] [pid 658842:tid 658842] (13)Permission denied: [client 78.153.140.177:46376] AH00529: /home/vivehg/public_html/.htaccess pcfg_openfile: unable to check htaccess file, ensure it is readable and that '/home/vivehg/public_html/' is executable
[Tue Aug 27 13:52:18.932138 2024] [core:crit] [pid 660391:tid 660391] (13)Permission denied: [client 78.153.140.177:40152] AH00529: /home/vivehg/public_html/.htaccess pcfg_openfile: unable to check htaccess file, ensure it is readable and that '/home/vivehg/public_html/' is executable
[Tue Aug 27 15:34:46.958738 2024] [cgi:error] [pid 664475:tid 664475] [client 117.193.169.253:45229] AH02811: stderr from /var/www/html/setup.cgi: script not found or unable to stat
[Tue Aug 27 16:24:14.911498 2024] [core:crit] [pid 666127:tid 666127] (13)Permission denied: [client 165.232.129.254:49250] AH00529: /home/vivehg/public_html/.htaccess pcfg_openfile: unable to check htaccess file, ensure it is readable and that '/home/vivehg/public_html/' is executable
[Tue Aug 27 17:17:07.008456 2024] [core:crit] [pid 667153:tid 667153] (13)Permission denied: [client 188.119.66.84:36682] AH00529: /home/vivehg/public_html/.htaccess pcfg_openfile: unable to check htaccess file, ensure it is readable and that '/home/vivehg/public_html/' is executable
[Tue Aug 27 17:17:07.686122 2024] [core:crit] [pid 668288:tid 668288] (13)Permission denied: [client 188.119.66.84:37285] AH00529: /home/vivehg/public_html/.htaccess pcfg_openfile: unable to check htaccess file, ensure it is readable and that '/home/vivehg/public_html/' is executable
[Tue Aug 27 21:02:09.005091 2024] [core:error] [pid 677926:tid 677926] [client 134.209.208.37:47656] AH10244: invalid URI path (/cgi-bin/.%2e/.%2e/.%2e/.%2e/.%2e/.%2e/.%2e/.%2e/.%2e/.%2e/bin/sh)
[Tue Aug 27 21:02:09.633921 2024] [core:error] [pid 677843:tid 677843] [client 134.209.208.37:47658] AH10244: invalid URI path (/cgi-bin/%%32%65%%32%65/%%32%65%%32%65/%%32%65%%32%65/%%32%65%%32%65/%%32%65%%32%65/%%32%65%%32%65/%%32%65%%32%65/bin/sh)
[Tue Aug 27 22:02:32.990840 2024] [core:crit] [pid 680386:tid 680386] (13)Permission denied: [client 143.198.6.174:38746] AH00529: /home/vivehg/public_html/.htaccess pcfg_openfile: unable to check htaccess file, ensure it is readable and that '/home/vivehg/public_html/' is executable
[Tue Aug 27 22:02:34.502482 2024] [core:crit] [pid 679849:tid 679849] (13)Permission denied: [client 143.198.6.174:38758] AH00529: /home/vivehg/public_html/.htaccess pcfg_openfile: unable to check htaccess file, ensure it is readable and that '/home/vivehg/public_html/' is executable
[Tue Aug 27 22:02:34.961602 2024] [core:crit] [pid 679814:tid 679814] (13)Permission denied: [client 143.198.6.174:38774] AH00529: /home/vivehg/public_html/.htaccess pcfg_openfile: unable to check htaccess file, ensure it is readable and that '/home/vivehg/public_html/' is executable
[Wed Aug 28 04:48:05.603770 2024] [core:crit] [pid 703008:tid 703008] (13)Permission denied: [client 13.64.211.38:58548] AH00529: /home/vivehg/public_html/.htaccess pcfg_openfile: unable to check htaccess file, ensure it is readable and that '/home/vivehg/public_html/' is executable
[Wed Aug 28 07:34:18.238893 2024] [core:crit] [pid 714650:tid 714650] (13)Permission denied: [client 52.228.152.95:53338] AH00529: /home/vivehg/public_html/.htaccess pcfg_openfile: unable to check htaccess file, ensure it is readable and that '/home/vivehg/public_html/' is executable
